{"id":739,"date":"2025-12-27T07:06:22","date_gmt":"2025-12-27T06:06:22","guid":{"rendered":"http:\/\/unser-mittagstisch.com\/?post_type=product&#038;p=739"},"modified":"2026-01-09T08:40:07","modified_gmt":"2026-01-09T07:40:07","slug":"do-03-01-hausgemachte-frikadelle-s-r-mit-buttergemuese-und-pueree","status":"publish","type":"product","link":"https:\/\/unser-mittagstisch.com\/?product=do-03-01-hausgemachte-frikadelle-s-r-mit-buttergemuese-und-pueree","title":{"rendered":"Hausgemachte Frikadelle (S\/R) mit Kartoffelsalat <span class=\"soon\">(Bald wieder erh\u00e4ltlich)<\/span>"},"content":{"rendered":"<p>&nbsp;<\/p>\n<p><span style=\"font-size: 14pt;\">Unser Mittagstisch am Samstag, 08.11.2025:<\/span><\/p>\n<p>&nbsp;<\/p>\n<p><span style=\"color: #bb0000; font-family: book antiqua, palatino, serif;\"><span style=\"font-size: 24px;\"><b>Hausgemachte Frikadelle (S\/R) mit Kartoffelsalat<\/b><\/span><\/span><span style=\"color: #bb0000; font-family: 'book antiqua', palatino, serif; font-size: 12px;\"><b> C,G<\/b><\/span><\/p>\n<p>&nbsp;<\/p>\n<p><strong>Unser Motto: Lecker &amp; Bequem.<\/strong><\/p>\n<p>&nbsp;<\/p>\n<p>Bereits ab einer Portion liefern wir frei Haus.<\/p>\n<p>&nbsp;<\/p>\n<p>Liefergebiet: Neum\u00fcnster und Umgebung<\/p>\n<p>&nbsp;<\/p>\n<p><strong>Bestellungen bis sp\u00e4testens 09:30 Uhr<\/strong><\/p>\n<p>Unsere Lieferzeiten: t\u00e4glich von 10:30 \u2013 13:30 Uhr<\/p>\n<p>Laden\u00f6ffnungszeit: t\u00e4glich von 09:30 \u2013 13:30 Uhr<\/p>\n<p>Direkte Mitnahme der Gerichte im Ladengesch\u00e4ft von 10:30 \u2013 13:30 Uhr<\/p>\n<p>&nbsp;<\/p>\n<p><b>Sollte Ihnen ein Gericht nicht zusagen? Kein Problem \u2013\u00a0 sprechen Sie uns an!<\/b><\/p>\n<p>&nbsp;<\/p>\n<p>&nbsp;<\/p>\n<p>Kennzeichnung der Fleischsorten<br \/>\nS=\u00a0Schwein, R=Rind, K=Kalb, G=Gefl\u00fcgel, L=Lamm, W=Wild, F=Fisch<\/p>\n","protected":false},"excerpt":{"rendered":"<p>&nbsp; Unser Mittagstisch am Samstag, 08.11.2025: &nbsp; Hausgemachte Frikadelle (S\/R) mit Kartoffelsalat C,G &nbsp; Unser Motto: Lecker &amp; Bequem. &nbsp; Bereits ab einer Portion liefern wir frei Haus. &nbsp; Liefergebiet: Neum\u00fcnster und Umgebung &nbsp; Bestellungen bis sp\u00e4testens 09:30 Uhr Unsere Lieferzeiten: t\u00e4glich von 10:30 \u2013 13:30 Uhr Laden\u00f6ffnungszeit: t\u00e4glich von 09:30 \u2013 13:30 Uhr Direkte Mitnahme der Gerichte im Ladengesch\u00e4ft [&hellip;]<\/p>\n","protected":false},"featured_media":304,"template":"","meta":[],"pwb-brand":[],"product_brand":[],"product_cat":[21],"product_tag":[],"class_list":{"0":"post-739","1":"product","2":"type-product","3":"status-publish","4":"has-post-thumbnail","6":"product_cat-mittagstisch","8":"first","9":"instock","10":"taxable","11":"shipping-taxable","12":"purchasable","13":"product-type-simple"},"brands":[],"_links":{"self":[{"href":"https:\/\/unser-mittagstisch.com\/index.php?rest_route=\/wp\/v2\/product\/739","targetHints":{"allow":["GET"]}}],"collection":[{"href":"https:\/\/unser-mittagstisch.com\/index.php?rest_route=\/wp\/v2\/product"}],"about":[{"href":"https:\/\/unser-mittagstisch.com\/index.php?rest_route=\/wp\/v2\/types\/product"}],"wp:featuredmedia":[{"embeddable":true,"href":"https:\/\/unser-mittagstisch.com\/index.php?rest_route=\/wp\/v2\/media\/304"}],"wp:attachment":[{"href":"https:\/\/unser-mittagstisch.com\/index.php?rest_route=%2Fwp%2Fv2%2Fmedia&parent=739"}],"wp:term":[{"taxonomy":"pwb-brand","embeddable":true,"href":"https:\/\/unser-mittagstisch.com\/index.php?rest_route=%2Fwp%2Fv2%2Fpwb-brand&post=739"},{"taxonomy":"product_brand","embeddable":true,"href":"https:\/\/unser-mittagstisch.com\/index.php?rest_route=%2Fwp%2Fv2%2Fproduct_brand&post=739"},{"taxonomy":"product_cat","embeddable":true,"href":"https:\/\/unser-mittagstisch.com\/index.php?rest_route=%2Fwp%2Fv2%2Fproduct_cat&post=739"},{"taxonomy":"product_tag","embeddable":true,"href":"https:\/\/unser-mittagstisch.com\/index.php?rest_route=%2Fwp%2Fv2%2Fproduct_tag&post=739"}],"curies":[{"name":"wp","href":"https:\/\/api.w.org\/{rel}","templated":true}]}}

Hausgemachte Frikadelle (S/R) mit Kartoffelsalat <span class="soon">(Bald wieder erhältlich)</span>

<p>&nbsp;</p>
<p><span style="font-size: 14pt;">Unser Mittagstisch am Samstag, 08.11.2025:</span></p>
<p>&nbsp;</p>
<p><span style="color: #bb0000; font-family: book antiqua, palatino, serif;"><span style="font-size: 24px;"><b>Hausgemachte Frikadelle (S/R) mit Kartoffelsalat</b></span></span><span style="color: #bb0000; font-family: 'book antiqua', palatino, serif; font-size: 12px;"><b> C,G</b></span></p>
<p>&nbsp;</p>
<p><strong>Unser Motto: Lecker &amp; Bequem.</strong></p>
<p>&nbsp;</p>
<p>Bereits ab einer Portion liefern wir frei Haus.</p>
<p>&nbsp;</p>
<p>Liefergebiet: Neumünster und Umgebung</p>
<p>&nbsp;</p>
<p><strong>Bestellungen bis spätestens 09:30 Uhr</strong></p>
<p>Unsere Lieferzeiten: täglich von 10:30 – 13:30 Uhr</p>
<p>Ladenöffnungszeit: täglich von 09:30 – 13:30 Uhr</p>
<p>Direkte Mitnahme der Gerichte im Ladengeschäft von 10:30 – 13:30 Uhr</p>
<p>&nbsp;</p>
<p><b>Sollte Ihnen ein Gericht nicht zusagen? Kein Problem –  sprechen Sie uns an!</b></p>
<p>&nbsp;</p>
<p>&nbsp;</p>
<p>Kennzeichnung der Fleischsorten<br />
S= Schwein, R=Rind, K=Kalb, G=Geflügel, L=Lamm, W=Wild, F=Fisch</p>

<p>&nbsp; Unser Mittagstisch am Samstag, 08.11.2025: &nbsp; Hausgemachte Frikadelle (S/R) mit Kartoffelsalat C,G &nbsp; Unser Motto: Lecker &amp; Bequem. &nbsp; Bereits ab einer Portion liefern wir frei Haus. &nbsp; Liefergebiet: Neumünster und Umgebung &nbsp; Bestellungen bis spätestens 09:30 Uhr Unsere Lieferzeiten: täglich von 10:30 – 13:30 Uhr Ladenöffnungszeit: täglich von 09:30 – 13:30 Uhr Direkte Mitnahme der Gerichte im Ladengeschäft [&hellip;]</p>
